1bd0
Convert -10440 (base 5) to base 13.
-454
What is -10a9 (base 13) in base 5?
-33321
-b0 (base 12) to base 10
-132
What is 1db (base 14) in base 8?
605
-2902 (base 13) to base 5
-142132
-3457 (base 10) to base 5
-102312
17a (base 11) to base 4
3100
What is 31a (base 14) in base 4?
21210
684 (base 11) to base 2
1100110010
What is 1a0 (base 12) in base 3?
100210
What is -2411 (base 7) in base 13?
-536
What is -24b (base 15) in base 6?
-2225
-1234 (base 7) to base 12
-32a
What is 1335 (base 6) in base 4?
11123
What is 2040332 (base 5) in base 3?
1201102102
1430 (base 6) to base 5
3003
Convert -83 (base 13) to base 14.
-79
What is 301213 (base 4) in base 11?
2427
Convert 7123 (base 8) to base 2.
111001010011
1042 (base 13) to base 8
4313
What is 100131 (base 5) in base 2?
110001011110
What is -11741 (base 10) in base 3?
-121002212
-13 (base 16) to base 4
-103
Convert -1d85 (base 14) to base 4.
-1110201
477 (base 13) to base 9
1050
What is 468b (base 15) in base 16?
3a85
Convert 100001011010 (base 2) to base 11.
1674
1000111100 (base 2) to base 12
3b8
-643 (base 8) to base 14
-21d
Convert 5603 (base 8) to base 4.
232003
Convert 24 (base 15) to base 6.
54
What is 7 (base 14) in base 9?
7
-978 (base 15) to base 12
-12a2
-32285 (base 9) to base 8
-51604
What is -11d (base 15) in base 12?
-191
Convert 1020201 (base 4) to base 6.
33253
Convert -2210324 (base 5) to base 4.
-21111012
What is -24254 (base 8) in base 7?
-42233
-3457 (base 10) to base 6
-24001
Convert -42d (base 16) to base 6.
-4541
-1651 (base 8) to base 4
-32221
-1426 (base 10) to base 8
-2622
Convert 1243002 (base 5) to base 8.
60260
Convert -52504 (base 9) to base 5.
-2102142
What is 123233 (base 4) in base 5?
24100
98b5 (base 15) to base 4
13321121
3171 (base 16) to base 6
134333
What is -14130 (base 13) in base 15?
-b1dc
83e (base 16) to base 8
4076
c17 (base 13) to base 9
2725
-5174 (base 14) to base 16
-36c2
Convert -11012 (base 3) to base 13.
-89
Convert -32131012 (base 4) to base 12.
-2a31a
Convert -8b01 (base 12) to base 16.
-3c31
Convert -212 (base 8) to base 13.
-a8
Convert 1469 (base 15) to base 16.
1116
Convert -8dde (base 16) to base 11.
-25317
Convert -13131312 (base 4) to base 13.
-10bc6
11210 (base 3) to base 9
153
-13151 (base 13) to base 4
-20220323
What is 3003122 (base 4) in base 13?
5900
What is -22bd (base 14) in base 5?
-143142
Convert 1634 (base 7) to base 12.
472
Convert 3486 (base 13) to base 9.
11106
-391d (base 16) to base 12
-8565
-9a0 (base 15) to base 7
-6225
1644 (base 13) to base 14
1295
Convert -3e79 (base 15) to base 3.
-200100220
2112001121 (base 3) to base 11
34305
4561 (base 13) to base 2
10010111110000
What is 1012112 (base 3) in base 16?
36e
-2353 (base 9) to base 16
-6d5
10010122202 (base 3) to base 13
22124
What is -1101000001 (base 2) in base 16?
-341
Convert 211112122 (base 3) to base 14.
5dbb
Convert 5541 (base 6) to base 15.
5aa
Convert -244120 (base 6) to base 9.
-32623
Convert -44144 (base 7) to base 8.
-25461
Convert 120 (base 7) to base 13.
4b
Convert -2210221220 (base 3) to base 13.
-1c287
What is 6c0 (base 15) in base 2?
10111111010
-1593 (base 10) to base 6
-11213
c3 (base 13) to base 9
186
2432 (base 6) to base 16
254
23303010 (base 4) to base 10
48324
-a5b (base 12) to base 8
-2747
What is -110100100 (base 2) in base 14?
-220
What is -23121 (base 5) in base 14?
-869
Convert 43514 (base 6) to base 2.
1011110000110
Convert -1000010101111 (base 2) to base 8.
-10257
What is 303133 (base 7) in base 15?
103ed
Convert -28d (base 16) to base 2.
-1010001101
What is -1364 (base 7) in base 11?
-448
-26396 (base 10) to base 2
-110011100011100
11213 (base 5) to base 7
2233
1858 (base 10) to base 4
131002
8fc (base 16) to base 10
2300
-5370 (base 13) to base 4
-2310333
What is -a6b (base 13) in base 2?
-11011110011
What is 544 (base 7) in base 12?
1b1
722 (base 9) to base 11
494
Convert -30 (base 9) to base 4.
-123
What is eca8 (base 15) in base 10?
50108
What is 1c8 (base 14) in base 10?
372
1483 (base 10) to base 6
10511
What is 202211 (base 3) in base 5?
4222
Convert -1069 (base 10) to base 13.
-643
What is -b0 (base 16) in base 3?
-20112
What is -11024 (base 5) in base 2?
-1011111100
Convert 21620 (base 7) to base 8.
12515
103533 (base 6) to base 9
12743
What is 120122 (base 3) in base 10?
422
Convert -101110110 (base 2) to base 8.
-566
Convert a084 (base 14) to base 12.
13b44
-38f4 (base 16) to base 4
-3203310
What is 65a (base 15) in base 9?
1864
98c2 (base 14) to base 13
c055
What is 4130 (base 5) in base 14?
2a8
Convert 2332212 (base 4) to base 11.
918a
Convert 100010001001 (base 2) to base 15.
9aa
Convert -3143240 (base 5) to base 6.
-1045041
What is -53 (base 8) in base 4?
-223
10343 (base 7) to base 14
d23
276 (base 10) to base 15
136
Convert 1fc (base 16) to base 8.
774
What is -a45 (base 15) in base 4?
-210023
Convert 39b (base 12) to base 11.
461
213313 (base 4) to base 14
d03
What is 1acb (base 15) in base 5?
141231
Convert 91 (base 13) to base 16.
76
-1101010011 (base 2) to base 16
-353
What is -220110 (base 3) in base 6?
-3020
330c (base 14) to base 12
5140
-75d (base 14) to base 5
-21310
What is -40334 (base 5) in base 4?
-220202
What is 101100111110000 (base 2) in base 7?
124061
Convert 731 (base 12) to base 10.
1045
Convert -10221002 (base 3) to base 8.
-5460
200112 (base 3) to base 5
4000
1dcad (base 14) to base 16
12b31
bec (base 15) to base 4
222021
Convert 113022 (base 4) to base 16.
5ca
What is -7613 (base 8) in base 11?
-2a98
Convert 252 (base 8) to base 2.
10101010
3947 (base 11) to base 12
2b79
What is 1494a (base 11) in base 6?
241420
1200211 (base 3) to base 13
742
-341 (base 10) to base 16
-155
What is -1773 (base 14) in base 4?
-1001321
Convert 62662 (base 7) to base 9.
23144
2111210 (base 3) to base 2
11100100110
-2865 (base 12) to base 9
-6375
Convert 5903 (base 11) to base 12.
4597
Convert 64 (base 12) to base 8.
114
-30744 (base 13) to base 4
-111032022
Convert -1401 (base 15) to base 3.
-12212101
-1118e (base 15) to base 13
-1b986
-10416 (base 7) to base 10
-2610
Convert 204234 (base 5) to base 3.
100100120
What is 222121212 (base 3) in base 16?
4bd1
What is 15331 (base 7) in base 8?
10275
What is -4aa (base 11) in base 10?
-604
Convert -514 (base 14) to base 6.
-4342
7bb0 (base 12) to base 8
32764
-5584 (base 9) to base 4
-1000132
Convert 1000110101 (base 2) to base 6.
2341
Convert -13323 (base 5) to base 10.
-1088
What is -35690 (base 11) in base 4?
-30203023
What is -4372 (base 9) in base 12?
-1a48
What is 8357 (base 9) in base 8?
13757
-415 (base 10) to base 13
-25c
What is -17e7 (base 15) in base 13?
-2476
-c7c5 (base 13) to base 3
-1102000020
-2230 (base 10) to base 11
-1748
What is 33233 (base 4) in base 11?
836
What is -6565 (base 14) in base 9?
-26041
-16203 (base 8) to base 5
-213144
What is 13224 (base 8) in base 16?
1694
a04 (base 14) to base 16
7ac
Convert 12285 (base 10) to base 2.
10111111111101
-13456 (base 10) to base 9
-20411
200303 (base 4) to base 10
2099
What is 1453 (base 8) in base 6?
3431
What is -126527 (base 8) in base 3?
-2020212112
Convert 1613 (base 7) to base 13.
3aa
27 (base 16) to base 3
1110
Convert -3060 (base 8) to base 14.
-812
-1132 (base 7) to base 6
-1531
What is 1d7 (base 14) in base 16?
181
-9c0 (base 16) to base 7
-10164
-12020112 (base 3) to base 10
-3821
Convert -6358 (base 9) to base 15.
-15b5
46236 (base 9) to base 8
74135
Convert 5144 (base 8) to base 10.
2660
Convert -102000 (base 3) to base 5.
-2142
Convert -7907 (base 10) to base 15.
-2522
112100100 (base 3) to base 2
10100011011010
210023 (base 4) to base 10
2315
-1b9 (base 15) to base 4
-12033
10de (base 15) to base 8
7000
Convert 2989 (base 11) to base 6.
25452
What is 1220122 (base 3) in base 4?
111302
What is 8065 (base 9) in base 15?
1b2b
793 (base 13) to base 4
110113
What is 1593 (base 10) in base 8?
3071
Convert -17525 (base 8) to base 15.
-259b
Convert 2751 (base 9) to base 10.
2071
-32b6a (base 12) to base 14
-1a774
What is 110100110111110 (base 2) in base 3?
1101010121
What is 223202 (base 4) in base 8?
5342
-34b0 (base 14) to base 10
-9170
681 (base 11) to base 6
3435
Convert -214b (base 16) to base 15.
-27d3
-5221 (base 6) to base 9
-1534
What is -81 (base 10) in base 15?
-56
-471 (base 13) 